{"id":84,"date":"2015-04-28T16:22:33","date_gmt":"2015-04-28T15:22:33","guid":{"rendered":"http:\/\/farnostkozlovice.cz\/?page_id=84"},"modified":"2016-01-04T09:13:44","modified_gmt":"2016-01-04T08:13:44","slug":"rok-2015","status":"publish","type":"page","link":"http:\/\/farnostkozlovice.cz\/?page_id=84","title":{"rendered":"Rok 2015"},"content":{"rendered":"<p><a class=\"albumName\" href=\"http:\/\/farnost-kozlovice.rajce.idnes.cz\/Koledovani_ve_Lhotce_-_26.prosince_2015\/\">Koledov\u00e1n\u00ed ve Lhotce &#8211; 26.prosince 2015<\/a><a class=\"albumName\" href=\"http:\/\/farnost-kozlovice.rajce.idnes.cz\/Vanocni_pribeh_-_Lhotka_24.prosince_2015\/\"><br \/>\nV\u00e1no\u010dn\u00ed p\u0159\u00edb\u011bh &#8211; Lhotka 24.prosince 2015<\/a><a class=\"albumName\" href=\"http:\/\/farnost-kozlovice.rajce.idnes.cz\/Otvirani_Betlema_24.12.2015\/\"><br \/>\nOtv\u00edr\u00e1n\u00ed Betl\u00e9ma 24.12.2015<\/a><a class=\"albumName\" href=\"http:\/\/farnost-kozlovice.rajce.idnes.cz\/MIkulasska_nadilka_-_4.prosince_2015\/\"><br \/>\n<\/a><a class=\"albumName\" href=\"http:\/\/farnost-kozlovice.rajce.idnes.cz\/Roraty_22.12.2015\/\">Ror\u00e1ty 22.12.2015<\/a><a class=\"albumName\" href=\"http:\/\/farnost-kozlovice.rajce.idnes.cz\/MIkulasska_nadilka_-_4.prosince_2015\/\"><br \/>\nMikul\u00e1\u0161sk\u00e1 nad\u00edlka &#8211; 4.prosince 2015<\/a><a class=\"albumName\" href=\"http:\/\/farnost-kozlovice.rajce.idnes.cz\/Mse_sv._se_zamerenim_pro_deti_-_20.listopadu_2015\/\"><br \/>\nM\u0161e sv. se zam\u011b\u0159en\u00edm pro d\u011bti &#8211; 20.listopadu 2015<\/a><a class=\"albumName\" href=\"http:\/\/farnost-kozlovice.rajce.idnes.cz\/Pout_farnosti_na_Turzovku_-_28.10.2015\/\"><br \/>\nPou\u0165 farnosti na Turzovku &#8211; 28.10.2015<\/a><a class=\"albumName\" href=\"http:\/\/farnost-kozlovice.rajce.idnes.cz\/Drakiada_-_18.10.2015\/\"><br \/>\nDraki\u00e1da &#8211; 18.10.2015<\/a><a class=\"albumName\" href=\"http:\/\/farnost-kozlovice.rajce.idnes.cz\/Merkovicky_krmas_-_11._rijna_2015\/\"><br \/>\nM\u011brkovick\u00fd krm\u00e1\u0161 &#8211; 11. \u0159\u00edjna 2015<\/a><a class=\"albumName\" href=\"http:\/\/farnost-kozlovice.rajce.idnes.cz\/Mse_sv._za_urodu_v_Kozlovicich_-_20._zari_2015\/\"><br \/>\nM\u0161e sv. za \u00farodu v Kozlovic\u00edch &#8211; 20. z\u00e1\u0159\u00ed 2015<\/a><a class=\"albumName\" href=\"http:\/\/farnost-kozlovice.rajce.idnes.cz\/Mse_sv._za_urodu_ve_Lhotce_-_13.zari_2015\/\"><br \/>\n<\/a><a class=\"albumName\" href=\"http:\/\/farnost-kozlovice.rajce.idnes.cz\/Mse_sv._za_urodu_ve_Lhotce_-_13._zari_2015\/\">M\u0161e sv. za \u00farodu ve Lhotce &#8211; 13. z\u00e1\u0159\u00ed 2015<\/a><a class=\"albumName\" href=\"http:\/\/farnost-kozlovice.rajce.idnes.cz\/Mse_sv._k_zahajeni_noveho_sk.roku_-_1.zari_2015\/\"><br \/>\n<\/a><a class=\"albumName\" href=\"http:\/\/farnost-kozlovice.rajce.idnes.cz\/Mse_sv._k_zahajeni_noveho_sk._roku_-_1._zari_2015\/\">M\u0161e sv. k zah\u00e1jen\u00ed nov\u00e9ho \u0161k. roku &#8211; 1. z\u00e1\u0159\u00ed 2015<\/a><a class=\"albumName\" href=\"http:\/\/farnost-kozlovice.rajce.idnes.cz\/Pout_farnosti_na_sv._Hostyn_-_17._srpna_2015\/\"><br \/>\nPou\u0165 farnosti na sv. Host\u00fdn &#8211; 17. srpna 2015<\/a><br \/>\n<a class=\"albumName\" href=\"http:\/\/farnost-kozlovice.rajce.idnes.cz\/Pobyt_mladeze_v_Alpach_-_cervenec_2015\/\">Pobyt ml\u00e1de\u017ee v Alp\u00e1ch &#8211; \u010dervenec 2015<\/a><a class=\"albumName\" href=\"http:\/\/farnost-kozlovice.rajce.idnes.cz\/Farni_tabor_deti_-_cervenec_2015\/\"><br \/>\nFarn\u00ed t\u00e1bor d\u011bt\u00ed &#8211; \u010dervenec 2015<\/a><a class=\"albumName\" href=\"http:\/\/farnost-kozlovice.rajce.idnes.cz\/Farni_den_-_14._cervna_2015\/\"><br \/>\nFarn\u00ed den &#8211; 14. \u010dervna 2015<\/a><a class=\"albumName\" href=\"http:\/\/farnost-kozlovice.rajce.idnes.cz\/Slavnost_Tela_a_Krve_Pane_-_4.cervna_2015\/\"><br \/>\n<\/a><a class=\"albumName\" href=\"http:\/\/farnost-kozlovice.rajce.idnes.cz\/Pesi_pout_na_Hostyn_-_12._cervna_2015\/\">P\u011b\u0161\u00ed pou\u0165 na Host\u00fdn &#8211; 12. \u010dervna 2015<\/a><a class=\"albumName\" href=\"http:\/\/farnost-kozlovice.rajce.idnes.cz\/Slavnost_Tela_a_Krve_Pane_-_4.cervna_2015\/\"><br class=\"albumName\" \/><\/a><a class=\"albumName\" href=\"http:\/\/farnost-kozlovice.rajce.idnes.cz\/Prvni_svate_prijimani_-_31._kvetna_2015\/\">Prvn\u00ed svat\u00e9 p\u0159ij\u00edm\u00e1n\u00ed &#8211; 31. kv\u011btna 2015<\/a><a class=\"albumName\" href=\"http:\/\/farnost-kozlovice.rajce.idnes.cz\/Slavnost_Tela_a_Krve_Pane_-_4.cervna_2015\/\"><br \/>\nSlavnost T\u011bla a Krve P\u00e1n\u011b &#8211; 4. \u010dervna 2015<\/a><br \/>\n<a class=\"albumName\" href=\"http:\/\/farnost-kozlovice.rajce.idnes.cz\/Pout_Myslikovske_Lurdy_-_10.kvetna_2015\/\">Pou\u0165 Mysl\u00edkovsk\u00e9 Lurdy &#8211; 10. kv\u011btna 2015<\/a><br \/>\n<a class=\"albumName\" href=\"http:\/\/farnost-kozlovice.rajce.idnes.cz\/Majova_poboznost_u_Panny_Marie_Karmelske_-_3._kvetna_2015\/\">M\u00e1jov\u00e1 pobo\u017enost u Panny Marie Karmelsk\u00e9 &#8211; 3. kv\u011btna 2015<\/a><br \/>\n<a class=\"albumName\" href=\"http:\/\/farnost-kozlovice.rajce.idnes.cz\/Pout_rodin_1.5.2015\/\">Pou\u0165 rodin 1. kv\u011btna 2015<\/a><br \/>\n<a class=\"albumName\" href=\"http:\/\/farnost-kozlovice.rajce.idnes.cz\/Pout_na_Svatou_Horu_-_25-26.dubna.2015\/\">Pou\u0165 na Svatou Horu &#8211; 25-26. dubna.2015<\/a><br \/>\n<a class=\"albumName\" href=\"http:\/\/farnost-kozlovice.rajce.idnes.cz\/Slavnost_smireni_deti_priprav.se_k_1.sv.prijimani_24.4.2015\/\">Slavnost sm\u00ed\u0159en\u00ed d\u011bt\u00ed p\u0159iprav se k 1. sv.p\u0159ij\u00edm\u00e1n\u00ed &#8211; 24. dubna 2015<\/a><br \/>\n<a class=\"albumName\" href=\"http:\/\/farnost-kozlovice.rajce.idnes.cz\/Velikonoce_2015_-_Velikonocni_nedele_-_5._dubna_2015\/\">Velikonoce 2015 &#8211; Velikono\u010dn\u00ed ned\u011ble &#8211; 5. dubna 2015<\/a><br \/>\n<a class=\"albumName\" href=\"http:\/\/farnost-kozlovice.rajce.idnes.cz\/Velikonoce_2015_-_Bila_sobota_-_4._dubna_2015\/\">Velikonoce 2015 &#8211; B\u00edl\u00e1 sobota &#8211; 4. dubna 2015<\/a><br \/>\n<a class=\"albumName\" href=\"http:\/\/farnost-kozlovice.rajce.idnes.cz\/Velikonoce_2015_-_Velky_patek_-_3._dubna_2015\/\">Velikonoce 2015 &#8211; Velk\u00fd p\u00e1tek &#8211; 3. dubna 2015<\/a> <span id=\"albumLikeCount11273313\" class=\"albumLikeCount\"><\/span><br \/>\n<a class=\"albumName\" href=\"http:\/\/farnost-kozlovice.rajce.idnes.cz\/Velikonoce2015_-_Zeleny_ctvrtek_-_2._dubna_2015\/\">Velikonoce2015 &#8211; Zelen\u00fd \u010dtvrtek &#8211; 2. dubna 2015<\/a><br \/>\n<a class=\"albumName\" href=\"http:\/\/farnost-kozlovice.rajce.idnes.cz\/Krizova_cesta_u_Mlyna_-_29._brezna_2015\/\">K\u0159\u00ed\u017eov\u00e1 cesta u Ml\u00fdna &#8211; 29. brezna 2015<\/a><br \/>\n<a class=\"albumName\" href=\"http:\/\/farnost-kozlovice.rajce.idnes.cz\/Vystoupeni_scholy_Pryvozaci_s_programem_Tecka_za_clovekem_-_15.brezna_2015\/\">Vystoupen\u00ed scholy Pryvozaci s programem &#8222;Te\u010dka za \u010dlov\u011bkem&#8220; &#8211; 15. b\u0159ezna 2015<\/a> <span id=\"albumLikeCount11273170\" class=\"albumLikeCount\"><\/span><br \/>\n<a class=\"albumName\" href=\"http:\/\/farnost-kozlovice.rajce.idnes.cz\/Postni_setkani_chlapu_3%2Cbrezna_2015\/\">Postn\u00ed setk\u00e1n\u00ed chlap\u016f &#8211; 3. b\u0159ezna 2015<\/a><br \/>\n<a class=\"albumName\" href=\"http:\/\/farnost-kozlovice.rajce.idnes.cz\/Mladeznicky_vylet_do_Prahy_28.brezna_2015\/\">Ml\u00e1de\u017enick\u00fd v\u00fdlet do Prahy &#8211; 28. b\u0159ezna 2015<\/a><br \/>\n<a class=\"albumName\" href=\"http:\/\/farnost-kozlovice.rajce.idnes.cz\/Misijni_zabijacka_6.-8.unora_2015\/\">Misijn\u00ed zab\u00edja\u010dka &#8211; 6.-8. \u00fanora 2015<\/a><br \/>\n<a class=\"albumName\" href=\"http:\/\/farnost-kozlovice.rajce.idnes.cz\/Farni_ples_31.ledna_2015\/\">Farn\u00ed ples &#8211; 31. ledna 2015<\/a><br \/>\n<a class=\"albumName\" href=\"http:\/\/farnost-kozlovice.rajce.idnes.cz\/Detsky_karneval_25.1.2015\/\">D\u011btsk\u00fd karneval &#8211; 25. ledna 2015<\/a><br \/>\n<a href=\"http:\/\/www.rajce.net\/a10946716\">T\u0159\u00edkr\u00e1lov\u00e1 sb\u00edrka 2015<\/a><\/p>\n","protected":false},"excerpt":{"rendered":"<p>Koledov\u00e1n\u00ed ve Lhotce &#8211; 26.prosince 2015 V\u00e1no\u010dn\u00ed p\u0159\u00edb\u011bh &#8211; Lhotka 24.prosince 2015 Otv\u00edr\u00e1n\u00ed Betl\u00e9ma 24.12.2015 Ror\u00e1ty<span class=\"more-dots\">&#8230;<\/span><\/p>\n","protected":false},"author":1,"featured_media":0,"parent":75,"menu_order":0,"comment_status":"closed","ping_status":"closed","template":"","meta":[],"_links":{"self":[{"href":"http:\/\/farnostkozlovice.cz\/index.php?rest_route=\/wp\/v2\/pages\/84"}],"collection":[{"href":"http:\/\/farnostkozlovice.cz\/index.php?rest_route=\/wp\/v2\/pages"}],"about":[{"href":"http:\/\/farnostkozlovice.cz\/index.php?rest_route=\/wp\/v2\/types\/page"}],"author":[{"embeddable":true,"href":"http:\/\/farnostkozlovice.cz\/index.php?rest_route=\/wp\/v2\/users\/1"}],"replies":[{"embeddable":true,"href":"http:\/\/farnostkozlovice.cz\/index.php?rest_route=%2Fwp%2Fv2%2Fcomments&post=84"}],"version-history":[{"count":45,"href":"http:\/\/farnostkozlovice.cz\/index.php?rest_route=\/wp\/v2\/pages\/84\/revisions"}],"predecessor-version":[{"id":434,"href":"http:\/\/farnostkozlovice.cz\/index.php?rest_route=\/wp\/v2\/pages\/84\/revisions\/434"}],"up":[{"embeddable":true,"href":"http:\/\/farnostkozlovice.cz\/index.php?rest_route=\/wp\/v2\/pages\/75"}],"wp:attachment":[{"href":"http:\/\/farnostkozlovice.cz\/index.php?rest_route=%2Fwp%2Fv2%2Fmedia&parent=84"}],"curies":[{"name":"wp","href":"https:\/\/api.w.org\/{rel}","templated":true}]}}