{"id":741,"date":"2017-01-14T20:40:33","date_gmt":"2017-01-14T19:40:33","guid":{"rendered":"http:\/\/farnostkozlovice.cz\/?page_id=741"},"modified":"2018-01-18T21:52:03","modified_gmt":"2018-01-18T20:52:03","slug":"rok-2017","status":"publish","type":"page","link":"http:\/\/farnostkozlovice.cz\/?page_id=741","title":{"rendered":"rok 2017"},"content":{"rendered":"<p><a href=\"https:\/\/www.rajce.net\/a14864374\">Lhotka koledov\u00e1n\u00ed &#8211; 26. prosinec 2017<\/a><br \/>\n<a href=\"https:\/\/www.rajce.net\/a14831091\">Otv\u00edr\u00e1n\u00ed Betl\u00e9ma- 24.prosince 2017<\/a><a class=\"albumName\" href=\"https:\/\/www.rajce.net\/a14864371\"><br \/>\n6. a 7.t\u0159\u00edda stav\u011bj\u00ed sn\u011bhul\u00e1ka &#8211; prosinec 2017<br \/>\n<\/a><a href=\"https:\/\/www.rajce.net\/a14792823\">Ror\u00e1ty &#8211; prosinec 2017<\/a><a class=\"albumName\" href=\"https:\/\/farnost-kozlovice.rajce.idnes.cz\/Mikulasska_nadilka_-_5.prosince_2017\/\"><br \/>\nMikul\u00e1\u0161sk\u00e1 nad\u00edlka &#8211; 5.prosince 2017<\/a><a class=\"albumName\" href=\"https:\/\/farnost-kozlovice.rajce.idnes.cz\/Drakiada_-_19.rijna_2017\/\"><br \/>\nDraki\u00e1da &#8211; 19.\u0159\u00edjna 2017<\/a><a class=\"albumName\" href=\"https:\/\/farnost-kozlovice.rajce.idnes.cz\/Koncert_sboru_Cantamus_-_8.rijna_2017\/\"><br \/>\nKoncert sboru Cantamus &#8211; 8.\u0159\u00edjna 2017<\/a><a class=\"albumName\" href=\"https:\/\/farnost-kozlovice.rajce.idnes.cz\/Mse_sv._za_obec_a_na_podekovani_za_urodu_-_10.zari_2017\/\"><br \/>\nM\u0161e sv. za obec a na pod\u011bkov\u00e1n\u00ed za \u00farodu &#8211; 10.z\u00e1\u0159\u00ed 2017<\/a><a class=\"albumName\" href=\"https:\/\/farnost-kozlovice.rajce.idnes.cz\/Farni_tabor_-_cervenec_2017\/\"><br \/>\n<\/a><a class=\"albumName\" href=\"https:\/\/farnost-kozlovice.rajce.idnes.cz\/Pobyt_mladeze_v_Alpach_-_srpen_2017\/\">Pobyt ml\u00e1de\u017ee v Alp\u00e1ch &#8211; srpen 2017<\/a><a class=\"albumName\" href=\"https:\/\/farnost-kozlovice.rajce.idnes.cz\/Farni_tabor_-_cervenec_2017\/\"><br \/>\nFarn\u00ed t\u00e1bor &#8211; \u010dervenec 2017<\/a><a class=\"albumName\" href=\"https:\/\/farnost-kozlovice.rajce.idnes.cz\/Farni_pout_na_Svaty_Hostyn_-_14.srpna_2017\/\"><br \/>\nFarn\u00ed pou\u0165 na Svat\u00fd Host\u00fdn &#8211; 14.srpna 2017<\/a><a class=\"albumName\" href=\"https:\/\/farnost-kozlovice.rajce.idnes.cz\/Zehnani_novych_varhan_-_25._cervna_2017\/\"><br \/>\n\u017dehn\u00e1n\u00ed nov\u00fdch varhan &#8211; 25. \u010dervna 2017<\/a><a class=\"albumName\" href=\"https:\/\/farnost-kozlovice.rajce.idnes.cz\/Stavba_varhan_v_kostele\/\"><br \/>\nStavba_varhan_v_kostele &#8211; jaro 2017<\/a><a class=\"albumName\" href=\"http:\/\/farnost-kozlovice.rajce.idnes.cz\/Farni_den_-_18.cervna_2017\/\"><br \/>\nFarn\u00ed den &#8211; 18.\u010dervna 2017<\/a><a class=\"albumName\" href=\"http:\/\/farnost-kozlovice.rajce.idnes.cz\/Majova_poboznost_u_P.M.Karmelske_a_posezeni_u_vcelaru_-_21.cervna_2017\/\"><br \/>\n<\/a><a class=\"albumName\" href=\"http:\/\/farnost-kozlovice.rajce.idnes.cz\/Slavnost_Tela_a_Krve_Pane_-_15.cervna_2017\/\">Slavnost T\u011bla a Krve P\u00e1n\u011b &#8211; 15.\u010dervna 2017<\/a><a class=\"albumName\" href=\"http:\/\/farnost-kozlovice.rajce.idnes.cz\/Majova_poboznost_u_P.M.Karmelske_a_posezeni_u_vcelaru_-_21.cervna_2017\/\"><br \/>\n<\/a><a class=\"albumName\" href=\"https:\/\/farnost-kozlovice.rajce.idnes.cz\/Prvni_svate_prijimani_-_11.cervna_2017\/\">Prvn\u00ed svat\u00e9 p\u0159ij\u00edm\u00e1n\u00ed &#8211; 11.\u010dervna 2017<\/a><a class=\"albumName\" href=\"http:\/\/farnost-kozlovice.rajce.idnes.cz\/Majova_poboznost_u_P.M.Karmelske_a_posezeni_u_vcelaru_-_21.cervna_2017\/\"><br \/>\nM\u00e1jov\u00e1 pobo\u017enost u P.M.Karmelsk\u00e9 a posezen\u00ed u v\u010dela\u0159\u016f &#8211; 21.\u010dervna 2017<\/a><a class=\"albumName\" href=\"http:\/\/farnost-kozlovice.rajce.idnes.cz\/Poutni_mse_sv.s_majovou_poboznosti_v_Myslikovskych_Lurdech_-_14.kvetna_2017\/\"><br \/>\n<\/a><a class=\"albumName\" href=\"https:\/\/farnost-kozlovice.rajce.idnes.cz\/Prvni_verejne_vystoupeni_sboru_Cantamus_-_26.kvetna_2017\/\">Prvn\u00ed ve\u0159ejn\u00e9 vystoupen\u00ed sboru Cantamus &#8211; 26.kv\u011btna 2017<\/a><a class=\"albumName\" href=\"http:\/\/farnost-kozlovice.rajce.idnes.cz\/Poutni_mse_sv.s_majovou_poboznosti_v_Myslikovskych_Lurdech_-_14.kvetna_2017\/\"><br \/>\nPoutn\u00ed m\u0161e sv.s m\u00e1jovou pobo\u017enost\u00ed v Mysl\u00edkovsk\u00fdch Lurdech &#8211; 14.kv\u011btna 2017<\/a><br \/>\n<a class=\"albumName\" href=\"http:\/\/farnost-kozlovice.rajce.idnes.cz\/Prvni_svatost_smireni_-_12._kvetna_2017\/\">Prvn\u00ed sv\u00e1tost sm\u00ed\u0159en\u00ed &#8211; 12. kv\u011btna 2017<\/a><br \/>\n<a class=\"albumName\" href=\"http:\/\/farnost-kozlovice.rajce.idnes.cz\/Pout_na_Svatou_Horu_-_6.-7._kvetna.2017\/\">Pou\u0165 na Svatou Horu &#8211; 6.-7. kv\u011btna.2017<\/a><a class=\"albumName\" href=\"http:\/\/farnost-kozlovice.rajce.idnes.cz\/Nedele_Zmrtvychvstani_Pane_-_16._dubna_2017\/\"><br \/>\nNed\u011ble Zmrtv\u00fdchvst\u00e1n\u00ed P\u00e1n\u011b &#8211; 16. dubna 2017<\/a><a class=\"albumName\" href=\"http:\/\/farnost-kozlovice.rajce.idnes.cz\/Bila_sobota_-_15._dubna_2017\/\"><br \/>\nB\u00edl\u00e1 sobota &#8211; 15. dubna 2017<\/a><a class=\"albumName\" href=\"http:\/\/farnost-kozlovice.rajce.idnes.cz\/Varhany_-_omitky%2Cpodlaha%2Cmalovani_-_18.3.2017\/\"><br \/>\n<\/a><a class=\"albumName\" href=\"http:\/\/farnost-kozlovice.rajce.idnes.cz\/Velky_patek_-_14._dubna_2017\/\">Velky p\u00e1tek &#8211; 14. dubna 2017<\/a><a class=\"albumName\" href=\"http:\/\/farnost-kozlovice.rajce.idnes.cz\/Varhany_-_omitky%2Cpodlaha%2Cmalovani_-_18.3.2017\/\"><br \/>\n<\/a><a class=\"albumName\" href=\"http:\/\/farnost-kozlovice.rajce.idnes.cz\/Zeleny_ctvrtek_-_13.dubna_2017\/\">Zelen\u00fd \u010dtvrtek &#8211; 13.dubna 2017<\/a><a class=\"albumName\" href=\"http:\/\/farnost-kozlovice.rajce.idnes.cz\/Varhany_-_omitky%2Cpodlaha%2Cmalovani_-_18.3.2017\/\"><br \/>\nVarhany &#8211; om\u00edtky,podlaha,malov\u00e1n\u00ed &#8211; 18.3.2017<\/a><a class=\"albumName\" href=\"http:\/\/farnost-kozlovice.rajce.idnes.cz\/Postni_setkani_chlapu_-_26.brezna_2017\/\"><br \/>\nPostn\u00ed setk\u00e1n\u00ed chlap\u016f &#8211; 26.b\u0159ezna 2017<\/a><a class=\"albumName\" href=\"http:\/\/farnost-kozlovice.rajce.idnes.cz\/Uklid_kostela_po_vymalbe_-_25.brezna_2017\/\"><br \/>\n\u00daklid kostela po v\u00fdmalb\u011b &#8211; 25.b\u0159ezna 2017<\/a><a class=\"albumName\" href=\"http:\/\/farnost-kozlovice.rajce.idnes.cz\/Demontaz_starych_varhan_-_3.3.2017\/\"><br \/>\nDemont\u00e1\u017e star\u00fdch varhan &#8211; 3.3.2017<\/a><a class=\"albumName\" href=\"http:\/\/farnost-kozlovice.rajce.idnes.cz\/Kontrolni_den_-_22._unora_2017\/\"><br \/>\nKontroln\u00ed den u v\u00fdrobce varhan &#8211; 22. \u00fanora 2017<\/a><a class=\"albumName\" href=\"http:\/\/farnost-kozlovice.rajce.idnes.cz\/Trikralovy_koncert_-_8.ledna_2017\/\"><br \/>\n<\/a><a class=\"albumName\" href=\"https:\/\/farnost-kozlovice.rajce.idnes.cz\/Predstaveni_deti_k_1.sv.prijimani_-_19._unora_2017\/\">P\u0159edstaven\u00ed d\u011bt\u00ed k 1.sv.p\u0159ij\u00edm\u00e1n\u00ed &#8211; 19. \u00fanora 2017<\/a><a class=\"albumName\" href=\"http:\/\/farnost-kozlovice.rajce.idnes.cz\/Trikralovy_koncert_-_8.ledna_2017\/\"><br \/>\n<\/a><a class=\"albumName\" href=\"http:\/\/farnost-kozlovice.rajce.idnes.cz\/Zabijacka_-_17.-19._unora_2017\/\">Zab\u00edja\u010dka &#8211; 17.-19. \u00fanora 2017<\/a><a class=\"albumName\" href=\"http:\/\/farnost-kozlovice.rajce.idnes.cz\/Zabijacka_-_17.-19._unora_2017\/\"><br \/>\n<\/a><a class=\"albumName\" href=\"http:\/\/farnost-kozlovice.rajce.idnes.cz\/Vylet_mladeze_do_Prahy_-_3.-5.unora_2017\/\">V\u00fdlet ml\u00e1de\u017ee do Prahy &#8211; 3.-5.\u00fanora 2017<\/a><a class=\"albumName\" href=\"http:\/\/farnost-kozlovice.rajce.idnes.cz\/Zabijacka_-_17.-19._unora_2017\/\"><br \/>\n<\/a><a class=\"albumName\" href=\"http:\/\/farnost-kozlovice.rajce.idnes.cz\/13.farni_ples_-_28.ledna_2017\/\">13.farn\u00ed ples &#8211; 28.ledna 2017<\/a><br \/>\n<a class=\"albumName\" href=\"http:\/\/farnost-kozlovice.rajce.idnes.cz\/Trikralovy_koncert_-_8.ledna_2017\/\">T\u0159\u00edkr\u00e1lov\u00fd koncert &#8211; 8.ledna 2017<\/a><\/p>\n","protected":false},"excerpt":{"rendered":"<p>Lhotka koledov\u00e1n\u00ed &#8211; 26. prosinec 2017 Otv\u00edr\u00e1n\u00ed Betl\u00e9ma- 24.prosince 2017 6. a 7.t\u0159\u00edda stav\u011bj\u00ed sn\u011bhul\u00e1ka &#8211;<span class=\"more-dots\">&#8230;<\/span><\/p>\n","protected":false},"author":1,"featured_media":0,"parent":0,"menu_order":0,"comment_status":"closed","ping_status":"closed","template":"","meta":[],"_links":{"self":[{"href":"http:\/\/farnostkozlovice.cz\/index.php?rest_route=\/wp\/v2\/pages\/741"}],"collection":[{"href":"http:\/\/farnostkozlovice.cz\/index.php?rest_route=\/wp\/v2\/pages"}],"about":[{"href":"http:\/\/farnostkozlovice.cz\/index.php?rest_route=\/wp\/v2\/types\/page"}],"author":[{"embeddable":true,"href":"http:\/\/farnostkozlovice.cz\/index.php?rest_route=\/wp\/v2\/users\/1"}],"replies":[{"embeddable":true,"href":"http:\/\/farnostkozlovice.cz\/index.php?rest_route=%2Fwp%2Fv2%2Fcomments&post=741"}],"version-history":[{"count":42,"href":"http:\/\/farnostkozlovice.cz\/index.php?rest_route=\/wp\/v2\/pages\/741\/revisions"}],"predecessor-version":[{"id":1053,"href":"http:\/\/farnostkozlovice.cz\/index.php?rest_route=\/wp\/v2\/pages\/741\/revisions\/1053"}],"wp:attachment":[{"href":"http:\/\/farnostkozlovice.cz\/index.php?rest_route=%2Fwp%2Fv2%2Fmedia&parent=741"}],"curies":[{"name":"wp","href":"https:\/\/api.w.org\/{rel}","templated":true}]}}

<p><a href="https://www.rajce.net/a14864374">Lhotka koledování &#8211; 26. prosinec 2017</a><br />
<a href="https://www.rajce.net/a14831091">Otvírání Betléma- 24.prosince 2017</a><a class="albumName" href="https://www.rajce.net/a14864371"><br />
6. a 7.třída stavějí sněhuláka &#8211; prosinec 2017<br />
</a><a href="https://www.rajce.net/a14792823">Roráty &#8211; prosinec 2017</a><a class="albumName" href="https://farnost-kozlovice.rajce.idnes.cz/Mikulasska_nadilka_-_5.prosince_2017/"><br />
Mikulášská nadílka &#8211; 5.prosince 2017</a><a class="albumName" href="https://farnost-kozlovice.rajce.idnes.cz/Drakiada_-_19.rijna_2017/"><br />
Drakiáda &#8211; 19.října 2017</a><a class="albumName" href="https://farnost-kozlovice.rajce.idnes.cz/Koncert_sboru_Cantamus_-_8.rijna_2017/"><br />
Koncert sboru Cantamus &#8211; 8.října 2017</a><a class="albumName" href="https://farnost-kozlovice.rajce.idnes.cz/Mse_sv._za_obec_a_na_podekovani_za_urodu_-_10.zari_2017/"><br />
Mše sv. za obec a na poděkování za úrodu &#8211; 10.září 2017</a><a class="albumName" href="https://farnost-kozlovice.rajce.idnes.cz/Farni_tabor_-_cervenec_2017/"><br />
</a><a class="albumName" href="https://farnost-kozlovice.rajce.idnes.cz/Pobyt_mladeze_v_Alpach_-_srpen_2017/">Pobyt mládeže v Alpách &#8211; srpen 2017</a><a class="albumName" href="https://farnost-kozlovice.rajce.idnes.cz/Farni_tabor_-_cervenec_2017/"><br />
Farní tábor &#8211; červenec 2017</a><a class="albumName" href="https://farnost-kozlovice.rajce.idnes.cz/Farni_pout_na_Svaty_Hostyn_-_14.srpna_2017/"><br />
Farní pouť na Svatý Hostýn &#8211; 14.srpna 2017</a><a class="albumName" href="https://farnost-kozlovice.rajce.idnes.cz/Zehnani_novych_varhan_-_25._cervna_2017/"><br />
Žehnání nových varhan &#8211; 25. června 2017</a><a class="albumName" href="https://farnost-kozlovice.rajce.idnes.cz/Stavba_varhan_v_kostele/"><br />
Stavba_varhan_v_kostele &#8211; jaro 2017</a><a class="albumName" href="http://farnost-kozlovice.rajce.idnes.cz/Farni_den_-_18.cervna_2017/"><br />
Farní den &#8211; 18.června 2017</a><a class="albumName" href="http://farnost-kozlovice.rajce.idnes.cz/Majova_poboznost_u_P.M.Karmelske_a_posezeni_u_vcelaru_-_21.cervna_2017/"><br />
</a><a class="albumName" href="http://farnost-kozlovice.rajce.idnes.cz/Slavnost_Tela_a_Krve_Pane_-_15.cervna_2017/">Slavnost Těla a Krve Páně &#8211; 15.června 2017</a><a class="albumName" href="http://farnost-kozlovice.rajce.idnes.cz/Majova_poboznost_u_P.M.Karmelske_a_posezeni_u_vcelaru_-_21.cervna_2017/"><br />
</a><a class="albumName" href="https://farnost-kozlovice.rajce.idnes.cz/Prvni_svate_prijimani_-_11.cervna_2017/">První svaté přijímání &#8211; 11.června 2017</a><a class="albumName" href="http://farnost-kozlovice.rajce.idnes.cz/Majova_poboznost_u_P.M.Karmelske_a_posezeni_u_vcelaru_-_21.cervna_2017/"><br />
Májová pobožnost u P.M.Karmelské a posezení u včelařů &#8211; 21.června 2017</a><a class="albumName" href="http://farnost-kozlovice.rajce.idnes.cz/Poutni_mse_sv.s_majovou_poboznosti_v_Myslikovskych_Lurdech_-_14.kvetna_2017/"><br />
</a><a class="albumName" href="https://farnost-kozlovice.rajce.idnes.cz/Prvni_verejne_vystoupeni_sboru_Cantamus_-_26.kvetna_2017/">První veřejné vystoupení sboru Cantamus &#8211; 26.května 2017</a><a class="albumName" href="http://farnost-kozlovice.rajce.idnes.cz/Poutni_mse_sv.s_majovou_poboznosti_v_Myslikovskych_Lurdech_-_14.kvetna_2017/"><br />
Poutní mše sv.s májovou pobožností v Myslíkovských Lurdech &#8211; 14.května 2017</a><br />
<a class="albumName" href="http://farnost-kozlovice.rajce.idnes.cz/Prvni_svatost_smireni_-_12._kvetna_2017/">První svátost smíření &#8211; 12. května 2017</a><br />
<a class="albumName" href="http://farnost-kozlovice.rajce.idnes.cz/Pout_na_Svatou_Horu_-_6.-7._kvetna.2017/">Pouť na Svatou Horu &#8211; 6.-7. května.2017</a><a class="albumName" href="http://farnost-kozlovice.rajce.idnes.cz/Nedele_Zmrtvychvstani_Pane_-_16._dubna_2017/"><br />
Neděle Zmrtvýchvstání Páně &#8211; 16. dubna 2017</a><a class="albumName" href="http://farnost-kozlovice.rajce.idnes.cz/Bila_sobota_-_15._dubna_2017/"><br />
Bílá sobota &#8211; 15. dubna 2017</a><a class="albumName" href="http://farnost-kozlovice.rajce.idnes.cz/Varhany_-_omitky%2Cpodlaha%2Cmalovani_-_18.3.2017/"><br />
</a><a class="albumName" href="http://farnost-kozlovice.rajce.idnes.cz/Velky_patek_-_14._dubna_2017/">Velky pátek &#8211; 14. dubna 2017</a><a class="albumName" href="http://farnost-kozlovice.rajce.idnes.cz/Varhany_-_omitky%2Cpodlaha%2Cmalovani_-_18.3.2017/"><br />
</a><a class="albumName" href="http://farnost-kozlovice.rajce.idnes.cz/Zeleny_ctvrtek_-_13.dubna_2017/">Zelený čtvrtek &#8211; 13.dubna 2017</a><a class="albumName" href="http://farnost-kozlovice.rajce.idnes.cz/Varhany_-_omitky%2Cpodlaha%2Cmalovani_-_18.3.2017/"><br />
Varhany &#8211; omítky,podlaha,malování &#8211; 18.3.2017</a><a class="albumName" href="http://farnost-kozlovice.rajce.idnes.cz/Postni_setkani_chlapu_-_26.brezna_2017/"><br />
Postní setkání chlapů &#8211; 26.března 2017</a><a class="albumName" href="http://farnost-kozlovice.rajce.idnes.cz/Uklid_kostela_po_vymalbe_-_25.brezna_2017/"><br />
Úklid kostela po výmalbě &#8211; 25.března 2017</a><a class="albumName" href="http://farnost-kozlovice.rajce.idnes.cz/Demontaz_starych_varhan_-_3.3.2017/"><br />
Demontáž starých varhan &#8211; 3.3.2017</a><a class="albumName" href="http://farnost-kozlovice.rajce.idnes.cz/Kontrolni_den_-_22._unora_2017/"><br />
Kontrolní den u výrobce varhan &#8211; 22. února 2017</a><a class="albumName" href="http://farnost-kozlovice.rajce.idnes.cz/Trikralovy_koncert_-_8.ledna_2017/"><br />
</a><a class="albumName" href="https://farnost-kozlovice.rajce.idnes.cz/Predstaveni_deti_k_1.sv.prijimani_-_19._unora_2017/">Představení dětí k 1.sv.přijímání &#8211; 19. února 2017</a><a class="albumName" href="http://farnost-kozlovice.rajce.idnes.cz/Trikralovy_koncert_-_8.ledna_2017/"><br />
</a><a class="albumName" href="http://farnost-kozlovice.rajce.idnes.cz/Zabijacka_-_17.-19._unora_2017/">Zabíjačka &#8211; 17.-19. února 2017</a><a class="albumName" href="http://farnost-kozlovice.rajce.idnes.cz/Zabijacka_-_17.-19._unora_2017/"><br />
</a><a class="albumName" href="http://farnost-kozlovice.rajce.idnes.cz/Vylet_mladeze_do_Prahy_-_3.-5.unora_2017/">Výlet mládeže do Prahy &#8211; 3.-5.února 2017</a><a class="albumName" href="http://farnost-kozlovice.rajce.idnes.cz/Zabijacka_-_17.-19._unora_2017/"><br />
</a><a class="albumName" href="http://farnost-kozlovice.rajce.idnes.cz/13.farni_ples_-_28.ledna_2017/">13.farní ples &#8211; 28.ledna 2017</a><br />
<a class="albumName" href="http://farnost-kozlovice.rajce.idnes.cz/Trikralovy_koncert_-_8.ledna_2017/">Tříkrálový koncert &#8211; 8.ledna 2017</a></p>

<p>Lhotka koledování &#8211; 26. prosinec 2017 Otvírání Betléma- 24.prosince 2017 6. a 7.třída stavějí sněhuláka &#8211;<span class="more-dots">&#8230;</span></p>
