{"id":3550,"date":"2025-01-04T17:14:19","date_gmt":"2025-01-04T16:14:19","guid":{"rendered":"http:\/\/farnostkozlovice.cz\/?page_id=3550"},"modified":"2025-12-25T14:19:03","modified_gmt":"2025-12-25T13:19:03","slug":"rok-2025","status":"publish","type":"page","link":"http:\/\/farnostkozlovice.cz\/?page_id=3550","title":{"rendered":"rok 2025"},"content":{"rendered":"\n<ul><li><a rel=\"noreferrer noopener\" href=\"https:\/\/www.rajce.idnes.cz\/farnost-kozlovice\/album\/zehnani-trikralovym-kolednikum-1-ledna-2025\" target=\"_blank\">\u017dehn\u00e1n\u00ed t\u0159\u00edkr\u00e1lov\u00fdm koledn\u00edk\u016fm &#8211; 1. ledna 2025<\/a><\/li><li><a rel=\"noreferrer noopener\" href=\"https:\/\/www.rajce.idnes.cz\/farnost-kozlovice\/album\/trikralovy-koncert-12-ledna-2025\" target=\"_blank\">T\u0159\u00edkr\u00e1lov\u00fd koncert &#8211; 12. ledna 2025<\/a><\/li><li><a rel=\"noreferrer noopener\" href=\"https:\/\/www.rajce.idnes.cz\/farnost-kozlovice\/album\/farni-ples-25-ledna-2025\" data-type=\"URL\" data-id=\"https:\/\/www.rajce.idnes.cz\/farnost-kozlovice\/album\/farni-ples-25-ledna-2025\" target=\"_blank\">Farn\u00ed ples &#8211; 25. ledna 2025<\/a><\/li><li><a rel=\"noreferrer noopener\" href=\"https:\/\/www.rajce.idnes.cz\/farnost-kozlovice\/album\/kvetna-nedele-18-dubna-2025\" target=\"_blank\">Kv\u011btn\u00e1 ned\u011ble &#8211; 18. dubna 2025<\/a><\/li><li><a rel=\"noreferrer noopener\" href=\"https:\/\/www.rajce.idnes.cz\/farnost-kozlovice\/album\/pout-rodin-ve-zlatych-horach-10-kvetna-2025\" target=\"_blank\">Pou\u0165 rodin ve Zlat\u00fdch hor\u00e1ch &#8211; 10. kv\u011btna 2025<\/a><\/li><li><a rel=\"noreferrer noopener\" href=\"https:\/\/www.rajce.idnes.cz\/farnost-kozlovice\/album\/pout-do-myslikovskych-lurd-11-kvetna-2025\" target=\"_blank\">Pou\u0165 do Mysl\u00edkovsk\u00fdch Lurd &#8211; 11. kv\u011btna 2025<\/a><\/li><li><a rel=\"noreferrer noopener\" href=\"https:\/\/www.rajce.idnes.cz\/farnost-kozlovice\/album\/litanie-u-p-marie-karmelske-vajecina-u-vcelaru-25-kvetna-2025\" target=\"_blank\">Litanie u P. Marie Karmelsk\u00e9 + Vaje\u010dina u v\u010dela\u0159\u016f &#8211; 25. kv\u011btna 2025<\/a><\/li><li><a rel=\"noreferrer noopener\" href=\"https:\/\/www.rajce.idnes.cz\/farnost-kozlovice\/album\/komorni-sbor-cantamus-v-ceskem-tesine-31-kvetna-2025\" target=\"_blank\">Komorn\u00ed sbor Cantamus v \u010cesk\u00e9m T\u011b\u0161\u00edn\u011b &#8211; 31. kv\u011btna 2025<\/a><\/li><li><a rel=\"noreferrer noopener\" href=\"https:\/\/www.rajce.idnes.cz\/farnost-kozlovice\/album\/lhotecka-pout-1-cervna-2025\" target=\"_blank\">Lhoteck\u00e1 pou\u0165 &#8211; 1. \u010dervna 2025<\/a><\/li><li><a rel=\"noreferrer noopener\" href=\"https:\/\/www.rajce.idnes.cz\/farnost-kozlovice\/album\/1-svate-prijimani-15-cervna-2025\" target=\"_blank\">1. svat\u00e9 p\u0159ij\u00edm\u00e1n\u00ed &#8211; 15. \u010dervna 2025<\/a><\/li><li><a rel=\"noreferrer noopener\" href=\"https:\/\/www.rajce.idnes.cz\/farnost-kozlovice\/album\/slavnost-tela-a-krve-pane-19-cervna-2025\" target=\"_blank\">Slavnost T\u011bla a Krve P\u00e1n\u011b &#8211; 19. \u010dervna 2025<\/a><\/li><li><a rel=\"noreferrer noopener\" href=\"https:\/\/www.rajce.idnes.cz\/farnost-kozlovice\/album\/farni-den-22-cervna-2025\" target=\"_blank\">Farn\u00ed den &#8211; 22. \u010dervna 2025<\/a><\/li><li><a rel=\"noreferrer noopener\" href=\"https:\/\/www.rajce.idnes.cz\/farnost-kozlovice\/album\/mse-sv-na-podekovani-za-uplynuly-skolni-rok-26-cervna-2025\" target=\"_blank\">M\u0161e sv. na pod\u011bkov\u00e1n\u00ed za uplynul\u00fd \u0161koln\u00ed rok &#8211; 26. \u010dervna 2025<\/a><\/li><li><a rel=\"noreferrer noopener\" href=\"https:\/\/www.rajce.idnes.cz\/farnost-kozlovice\/album\/lhotecky-krmas-6-cervence-2025\" target=\"_blank\">Lhoteck\u00fd krm\u00e1\u0161 &#8211; 6. \u010dervence 2025<\/a><\/li><li><a rel=\"noreferrer noopener\" href=\"https:\/\/www.rajce.idnes.cz\/farnost-kozlovice\/album\/mse-sv-za-urodu-ve-lhotce-21-zari-2025\" target=\"_blank\">M\u0161e sv. za \u00farodu ve Lhotce &#8211; 21. z\u00e1\u0159\u00ed 2025<\/a><\/li><li><a rel=\"noreferrer noopener\" href=\"https:\/\/www.rajce.idnes.cz\/farnost-kozlovice\/album\/vyroci-posveceni-kaple-vitezneho-krista-v-merkovicich-12-rijna-2\" data-type=\"URL\" data-id=\"https:\/\/www.rajce.idnes.cz\/farnost-kozlovice\/album\/vyroci-posveceni-kaple-vitezneho-krista-v-merkovicich-12-rijna-2\" target=\"_blank\">V\u00fdro\u010d\u00ed posv\u011bcen\u00ed kaple V\u00edt\u011bzn\u00e9ho Krista v M\u011brkovic\u00edch &#8211; 12. \u0159\u00edjna 2025<\/a><\/li><li><a rel=\"noreferrer noopener\" href=\"https:\/\/www.rajce.idnes.cz\/farnost-kozlovice\/album\/misijni-kolac-12-rijna-2025\" target=\"_blank\">Misijn\u00ed kol\u00e1\u010d &#8211; 12. \u0159\u00edjna 2025<\/a><\/li><li><a rel=\"noreferrer noopener\" href=\"https:\/\/www.rajce.idnes.cz\/farnost-kozlovice\/album\/svatohubertska-mse-9-listopadu-2025\" target=\"_blank\">Svatohubertsk\u00e1 m\u0161e &#8211; 9. listopadu 2025<\/a><\/li><li><a href=\"https:\/\/www.rajce.idnes.cz\/farnost-kozlovice\/album\/vyrocni-koncert-sboru-cantamus-21-prosince-2025\" data-type=\"URL\" data-id=\"https:\/\/www.rajce.idnes.cz\/farnost-kozlovice\/album\/vyrocni-koncert-sboru-cantamus-21-prosince-2025\" target=\"_blank\" rel=\"noreferrer noopener\">V\u00fdro\u010dn\u00ed koncert sboru Cantamus &#8211; 21. prosince 2025<\/a><\/li><li><a rel=\"noreferrer noopener\" href=\"https:\/\/www.rajce.idnes.cz\/farnost-kozlovice\/album\/otvirani-betlema-24-prosinec-2025\" target=\"_blank\">Otv\u00edr\u00e1n\u00ed Betl\u00e9ma &#8211; 24. prosinec 2025<\/a><\/li><\/ul>\n\n\n\n<p><\/p>\n","protected":false},"excerpt":{"rendered":"<p>\u017dehn\u00e1n\u00ed t\u0159\u00edkr\u00e1lov\u00fdm koledn\u00edk\u016fm &#8211; 1. ledna 2025 T\u0159\u00edkr\u00e1lov\u00fd koncert &#8211; 12. ledna 2025 Farn\u00ed ples &#8211;<span class=\"more-dots\">&#8230;<\/span><\/p>\n","protected":false},"author":1,"featured_media":0,"parent":0,"menu_order":0,"comment_status":"closed","ping_status":"closed","template":"","meta":[],"_links":{"self":[{"href":"http:\/\/farnostkozlovice.cz\/index.php?rest_route=\/wp\/v2\/pages\/3550"}],"collection":[{"href":"http:\/\/farnostkozlovice.cz\/index.php?rest_route=\/wp\/v2\/pages"}],"about":[{"href":"http:\/\/farnostkozlovice.cz\/index.php?rest_route=\/wp\/v2\/types\/page"}],"author":[{"embeddable":true,"href":"http:\/\/farnostkozlovice.cz\/index.php?rest_route=\/wp\/v2\/users\/1"}],"replies":[{"embeddable":true,"href":"http:\/\/farnostkozlovice.cz\/index.php?rest_route=%2Fwp%2Fv2%2Fcomments&post=3550"}],"version-history":[{"count":24,"href":"http:\/\/farnostkozlovice.cz\/index.php?rest_route=\/wp\/v2\/pages\/3550\/revisions"}],"predecessor-version":[{"id":4008,"href":"http:\/\/farnostkozlovice.cz\/index.php?rest_route=\/wp\/v2\/pages\/3550\/revisions\/4008"}],"wp:attachment":[{"href":"http:\/\/farnostkozlovice.cz\/index.php?rest_route=%2Fwp%2Fv2%2Fmedia&parent=3550"}],"curies":[{"name":"wp","href":"https:\/\/api.w.org\/{rel}","templated":true}]}}

<ul><li><a rel="noreferrer noopener" href="https://www.rajce.idnes.cz/farnost-kozlovice/album/zehnani-trikralovym-kolednikum-1-ledna-2025" target="_blank">Žehnání tříkrálovým koledníkům &#8211; 1. ledna 2025</a></li><li><a rel="noreferrer noopener" href="https://www.rajce.idnes.cz/farnost-kozlovice/album/trikralovy-koncert-12-ledna-2025" target="_blank">Tříkrálový koncert &#8211; 12. ledna 2025</a></li><li><a rel="noreferrer noopener" href="https://www.rajce.idnes.cz/farnost-kozlovice/album/farni-ples-25-ledna-2025" data-type="URL" data-id="https://www.rajce.idnes.cz/farnost-kozlovice/album/farni-ples-25-ledna-2025" target="_blank">Farní ples &#8211; 25. ledna 2025</a></li><li><a rel="noreferrer noopener" href="https://www.rajce.idnes.cz/farnost-kozlovice/album/kvetna-nedele-18-dubna-2025" target="_blank">Květná neděle &#8211; 18. dubna 2025</a></li><li><a rel="noreferrer noopener" href="https://www.rajce.idnes.cz/farnost-kozlovice/album/pout-rodin-ve-zlatych-horach-10-kvetna-2025" target="_blank">Pouť rodin ve Zlatých horách &#8211; 10. května 2025</a></li><li><a rel="noreferrer noopener" href="https://www.rajce.idnes.cz/farnost-kozlovice/album/pout-do-myslikovskych-lurd-11-kvetna-2025" target="_blank">Pouť do Myslíkovských Lurd &#8211; 11. května 2025</a></li><li><a rel="noreferrer noopener" href="https://www.rajce.idnes.cz/farnost-kozlovice/album/litanie-u-p-marie-karmelske-vajecina-u-vcelaru-25-kvetna-2025" target="_blank">Litanie u P. Marie Karmelské + Vaječina u včelařů &#8211; 25. května 2025</a></li><li><a rel="noreferrer noopener" href="https://www.rajce.idnes.cz/farnost-kozlovice/album/komorni-sbor-cantamus-v-ceskem-tesine-31-kvetna-2025" target="_blank">Komorní sbor Cantamus v Českém Těšíně &#8211; 31. května 2025</a></li><li><a rel="noreferrer noopener" href="https://www.rajce.idnes.cz/farnost-kozlovice/album/lhotecka-pout-1-cervna-2025" target="_blank">Lhotecká pouť &#8211; 1. června 2025</a></li><li><a rel="noreferrer noopener" href="https://www.rajce.idnes.cz/farnost-kozlovice/album/1-svate-prijimani-15-cervna-2025" target="_blank">1. svaté přijímání &#8211; 15. června 2025</a></li><li><a rel="noreferrer noopener" href="https://www.rajce.idnes.cz/farnost-kozlovice/album/slavnost-tela-a-krve-pane-19-cervna-2025" target="_blank">Slavnost Těla a Krve Páně &#8211; 19. června 2025</a></li><li><a rel="noreferrer noopener" href="https://www.rajce.idnes.cz/farnost-kozlovice/album/farni-den-22-cervna-2025" target="_blank">Farní den &#8211; 22. června 2025</a></li><li><a rel="noreferrer noopener" href="https://www.rajce.idnes.cz/farnost-kozlovice/album/mse-sv-na-podekovani-za-uplynuly-skolni-rok-26-cervna-2025" target="_blank">Mše sv. na poděkování za uplynulý školní rok &#8211; 26. června 2025</a></li><li><a rel="noreferrer noopener" href="https://www.rajce.idnes.cz/farnost-kozlovice/album/lhotecky-krmas-6-cervence-2025" target="_blank">Lhotecký krmáš &#8211; 6. července 2025</a></li><li><a rel="noreferrer noopener" href="https://www.rajce.idnes.cz/farnost-kozlovice/album/mse-sv-za-urodu-ve-lhotce-21-zari-2025" target="_blank">Mše sv. za úrodu ve Lhotce &#8211; 21. září 2025</a></li><li><a rel="noreferrer noopener" href="https://www.rajce.idnes.cz/farnost-kozlovice/album/vyroci-posveceni-kaple-vitezneho-krista-v-merkovicich-12-rijna-2" data-type="URL" data-id="https://www.rajce.idnes.cz/farnost-kozlovice/album/vyroci-posveceni-kaple-vitezneho-krista-v-merkovicich-12-rijna-2" target="_blank">Výročí posvěcení kaple Vítězného Krista v Měrkovicích &#8211; 12. října 2025</a></li><li><a rel="noreferrer noopener" href="https://www.rajce.idnes.cz/farnost-kozlovice/album/misijni-kolac-12-rijna-2025" target="_blank">Misijní koláč &#8211; 12. října 2025</a></li><li><a rel="noreferrer noopener" href="https://www.rajce.idnes.cz/farnost-kozlovice/album/svatohubertska-mse-9-listopadu-2025" target="_blank">Svatohubertská mše &#8211; 9. listopadu 2025</a></li><li><a href="https://www.rajce.idnes.cz/farnost-kozlovice/album/vyrocni-koncert-sboru-cantamus-21-prosince-2025" data-type="URL" data-id="https://www.rajce.idnes.cz/farnost-kozlovice/album/vyrocni-koncert-sboru-cantamus-21-prosince-2025" target="_blank" rel="noreferrer noopener">Výroční koncert sboru Cantamus &#8211; 21. prosince 2025</a></li><li><a rel="noreferrer noopener" href="https://www.rajce.idnes.cz/farnost-kozlovice/album/otvirani-betlema-24-prosinec-2025" target="_blank">Otvírání Betléma &#8211; 24. prosinec 2025</a></li></ul>



<p></p>

<p>Žehnání tříkrálovým koledníkům &#8211; 1. ledna 2025 Tříkrálový koncert &#8211; 12. ledna 2025 Farní ples &#8211;<span class="more-dots">&#8230;</span></p>
