{"id":3271,"date":"2024-11-29T14:47:49","date_gmt":"2024-11-29T13:47:49","guid":{"rendered":"http:\/\/farnostkozlovice.cz\/?page_id=3271"},"modified":"2024-11-29T14:47:49","modified_gmt":"2024-11-29T13:47:49","slug":"kontakty","status":"publish","type":"page","link":"http:\/\/farnostkozlovice.cz\/?page_id=3271","title":{"rendered":"Kontakty"},"content":{"rendered":"\n<p class=\"has-dark-muted-color has-text-color\"><strong>\u0158\u00edmskokatolick\u00e1 farnost Kozlovice<\/strong><\/p>\n\n\n\n<p class=\"has-dark-muted-color has-text-color\"><strong>Spr\u00e1vce farnosti:<\/strong> P. Luk\u00e1\u0161 Bakajsa<br>Kozlovice 154, 73947<br><strong>Telefon:<\/strong> 733 741 906<br><strong>E-mail:<\/strong> rkf.kozlovice@doo.cz<\/p>\n\n\n\n<p class=\"has-dark-muted-color has-text-color\"><strong>Bankovn\u00ed spojen\u00ed:<\/strong> 3342376319\/0800<br><strong>I\u010cO:<\/strong> 49591185<\/p>\n\n\n\n<p class=\"has-dark-muted-color has-text-color\"><strong>\u00da\u0159edn\u00ed hodiny:<\/strong> Po telefonick\u00e9 domluv\u011b<\/p>\n\n\n\n<p class=\"has-dark-muted-color has-text-color\"><strong>Varhan\u00edk:<\/strong> Ji\u0159\u00ed Tesar\u010d\u00edk<br>telefon: 739 351 690<\/p>\n","protected":false},"excerpt":{"rendered":"<p>\u0158\u00edmskokatolick\u00e1 farnost Kozlovice Spr\u00e1vce farnosti: P. Luk\u00e1\u0161 BakajsaKozlovice 154, 73947Telefon: 733 741 906E-mail: rkf.kozlovice@doo.cz Bankovn\u00ed spojen\u00ed:<span class=\"more-dots\">&#8230;<\/span><\/p>\n","protected":false},"author":1,"featured_media":0,"parent":0,"menu_order":0,"comment_status":"closed","ping_status":"closed","template":"","meta":[],"_links":{"self":[{"href":"http:\/\/farnostkozlovice.cz\/index.php?rest_route=\/wp\/v2\/pages\/3271"}],"collection":[{"href":"http:\/\/farnostkozlovice.cz\/index.php?rest_route=\/wp\/v2\/pages"}],"about":[{"href":"http:\/\/farnostkozlovice.cz\/index.php?rest_route=\/wp\/v2\/types\/page"}],"author":[{"embeddable":true,"href":"http:\/\/farnostkozlovice.cz\/index.php?rest_route=\/wp\/v2\/users\/1"}],"replies":[{"embeddable":true,"href":"http:\/\/farnostkozlovice.cz\/index.php?rest_route=%2Fwp%2Fv2%2Fcomments&post=3271"}],"version-history":[{"count":1,"href":"http:\/\/farnostkozlovice.cz\/index.php?rest_route=\/wp\/v2\/pages\/3271\/revisions"}],"predecessor-version":[{"id":3272,"href":"http:\/\/farnostkozlovice.cz\/index.php?rest_route=\/wp\/v2\/pages\/3271\/revisions\/3272"}],"wp:attachment":[{"href":"http:\/\/farnostkozlovice.cz\/index.php?rest_route=%2Fwp%2Fv2%2Fmedia&parent=3271"}],"curies":[{"name":"wp","href":"https:\/\/api.w.org\/{rel}","templated":true}]}}