{"id":2677,"date":"2023-02-02T20:52:59","date_gmt":"2023-02-02T19:52:59","guid":{"rendered":"http:\/\/farnostkozlovice.cz\/?page_id=2677"},"modified":"2023-12-26T12:58:43","modified_gmt":"2023-12-26T11:58:43","slug":"rok-2023","status":"publish","type":"page","link":"http:\/\/farnostkozlovice.cz\/?page_id=2677","title":{"rendered":"Rok 2023"},"content":{"rendered":"\n<ul><li><a href=\"https:\/\/farnost-kozlovice.rajce.idnes.cz\/Farni_ples_-_28._ledna_2023\/\">Farn\u00ed ples &#8211; 28.leden 2023<\/a><\/li><li><a href=\"https:\/\/farnost-kozlovice.rajce.idnes.cz\/Trikralovy_koncert_-_8._ledna_2023\/\">T\u0159\u00edkr\u00e1lov\u00fd koncert &#8211; 8.ledna 2023<\/a><\/li><li><a href=\"https:\/\/farnost-kozlovice.rajce.idnes.cz\/Vyslani_koledniku_-_1._ledna_2023\/\">Vysl\u00e1n\u00ed koledn\u00edk\u016f t\u0159\u00edkr\u00e1lov\u00e9 sb\u00edrky  &#8211; 1.leden 2023<\/a><\/li><li><a href=\"https:\/\/www.rajce.net\/a18481801\">M\u0161e v Lurdech, posv\u011bcen\u00ed zvoni\u010dky &#8211; 14. kv\u011btna 2023<\/a><\/li><li><a href=\"https:\/\/farnost-kozlovice.rajce.idnes.cz\/Cantamus_na_Pouti_rodin_ve_Zlatych_horach_-_13._kvetna_2023\/\">Cantamus na Pouti rodin ve Zlat\u00fdch hor\u00e1ch &#8211; 13. kv\u011btna 2023<\/a><\/li><li><a rel=\"noreferrer noopener\" href=\"https:\/\/www.rajce.idnes.cz\/farnost-kozlovice\/album\/den-farnosti-18-cervna-2023\" target=\"_blank\">Den farnosti &#8211; 18. \u010dervna 2023<\/a><\/li><li><a rel=\"noreferrer noopener\" href=\"https:\/\/www.rajce.idnes.cz\/farnost-kozlovice\/album\/pout-v-jeseniku-sbor-cantamus-13-srpna-2023\" target=\"_blank\">Pou\u0165 v Jesen\u00edku &#8211; sbor Cantamus &#8211; 13. srpna 2023<\/a><\/li><li><a href=\"https:\/\/www.rajce.idnes.cz\/farnost-kozlovice\/album\/mse-sv-k-zahajeni-sk-roku-2023-24\">M\u0161e sv. k zah\u00e1jen\u00ed \u0161k. roku 2023-24<\/a><\/li><li><a rel=\"noreferrer noopener\" href=\"https:\/\/www.rajce.idnes.cz\/farnost-kozlovice\/album\/mse-za-urodu-ve-lhotce-3-zari-2023\" target=\"_blank\">M\u0161e za \u00farodu ve Lhotce &#8211; 3. z\u00e1\u0159\u00ed 2023<\/a><\/li><li><a rel=\"noreferrer noopener\" href=\"https:\/\/www.rajce.idnes.cz\/farnost-kozlovice\/album\/podekovani-za-urodu-10-zari-2023\" data-type=\"URL\" data-id=\"https:\/\/www.rajce.idnes.cz\/farnost-kozlovice\/album\/podekovani-za-urodu-10-zari-2023\" target=\"_blank\">Pod\u011bkov\u00e1n\u00ed za \u00farodu &#8211; 10. z\u00e1\u0159\u00ed 2023<\/a><\/li><li><a rel=\"noreferrer noopener\" href=\"https:\/\/www.rajce.idnes.cz\/farnost-kozlovice\/album\/koncert-sboru-cantamus-na-mysliku-24-zari-2023\" target=\"_blank\">Koncert sboru Cantamus na Mysl\u00edku &#8211; 24. z\u00e1\u0159\u00ed 2023<\/a><\/li><li><a rel=\"noreferrer noopener\" href=\"https:\/\/www.rajce.idnes.cz\/farnost-kozlovice\/album\/oslava-50-narozenin-o-kazimira-21-rijna-2023\" target=\"_blank\">Oslava 50. narozenin o. Kazim\u00edra &#8211; 21. \u0159\u00edjna 2023<\/a><\/li><li><a rel=\"noreferrer noopener\" href=\"https:\/\/www.rajce.idnes.cz\/farnost-kozlovice\/album\/cervena-streda-29-listopadu-2023\" target=\"_blank\">\u010cerven\u00e1 st\u0159eda &#8211; 29. listopadu 2023<\/a><\/li><li><a rel=\"noreferrer noopener\" href=\"https:\/\/www.rajce.idnes.cz\/farnost-kozlovice\/album\/jpeg-zmenseno-pro-webadventni-koncert-cantamus\" target=\"_blank\">Adventn\u00ed koncert p\u011bveck\u00e9ho sboru Cantamus &#8211; 10. prosince 2023<\/a><\/li><li><a href=\"https:\/\/www.rajce.idnes.cz\/farnost-kozlovice\/album\/otvirani-betlema-24-prosince-2023\" data-type=\"URL\" data-id=\"https:\/\/www.rajce.idnes.cz\/farnost-kozlovice\/album\/otvirani-betlema-24-prosince-2023\" target=\"_blank\" rel=\"noreferrer noopener\">Otv\u00edr\u00e1n\u00ed Betl\u00e9ma &#8211; 24. prosince 2023<\/a><\/li><\/ul>\n\n\n\n<p><\/p>\n","protected":false},"excerpt":{"rendered":"<p>Farn\u00ed ples &#8211; 28.leden 2023 T\u0159\u00edkr\u00e1lov\u00fd koncert &#8211; 8.ledna 2023 Vysl\u00e1n\u00ed koledn\u00edk\u016f t\u0159\u00edkr\u00e1lov\u00e9 sb\u00edrky &#8211; 1.leden<span class=\"more-dots\">&#8230;<\/span><\/p>\n","protected":false},"author":1,"featured_media":0,"parent":0,"menu_order":0,"comment_status":"closed","ping_status":"closed","template":"","meta":[],"_links":{"self":[{"href":"http:\/\/farnostkozlovice.cz\/index.php?rest_route=\/wp\/v2\/pages\/2677"}],"collection":[{"href":"http:\/\/farnostkozlovice.cz\/index.php?rest_route=\/wp\/v2\/pages"}],"about":[{"href":"http:\/\/farnostkozlovice.cz\/index.php?rest_route=\/wp\/v2\/types\/page"}],"author":[{"embeddable":true,"href":"http:\/\/farnostkozlovice.cz\/index.php?rest_route=\/wp\/v2\/users\/1"}],"replies":[{"embeddable":true,"href":"http:\/\/farnostkozlovice.cz\/index.php?rest_route=%2Fwp%2Fv2%2Fcomments&post=2677"}],"version-history":[{"count":24,"href":"http:\/\/farnostkozlovice.cz\/index.php?rest_route=\/wp\/v2\/pages\/2677\/revisions"}],"predecessor-version":[{"id":2921,"href":"http:\/\/farnostkozlovice.cz\/index.php?rest_route=\/wp\/v2\/pages\/2677\/revisions\/2921"}],"wp:attachment":[{"href":"http:\/\/farnostkozlovice.cz\/index.php?rest_route=%2Fwp%2Fv2%2Fmedia&parent=2677"}],"curies":[{"name":"wp","href":"https:\/\/api.w.org\/{rel}","templated":true}]}}

<ul><li><a href="https://farnost-kozlovice.rajce.idnes.cz/Farni_ples_-_28._ledna_2023/">Farní ples &#8211; 28.leden 2023</a></li><li><a href="https://farnost-kozlovice.rajce.idnes.cz/Trikralovy_koncert_-_8._ledna_2023/">Tříkrálový koncert &#8211; 8.ledna 2023</a></li><li><a href="https://farnost-kozlovice.rajce.idnes.cz/Vyslani_koledniku_-_1._ledna_2023/">Vyslání koledníků tříkrálové sbírky  &#8211; 1.leden 2023</a></li><li><a href="https://www.rajce.net/a18481801">Mše v Lurdech, posvěcení zvoničky &#8211; 14. května 2023</a></li><li><a href="https://farnost-kozlovice.rajce.idnes.cz/Cantamus_na_Pouti_rodin_ve_Zlatych_horach_-_13._kvetna_2023/">Cantamus na Pouti rodin ve Zlatých horách &#8211; 13. května 2023</a></li><li><a rel="noreferrer noopener" href="https://www.rajce.idnes.cz/farnost-kozlovice/album/den-farnosti-18-cervna-2023" target="_blank">Den farnosti &#8211; 18. června 2023</a></li><li><a rel="noreferrer noopener" href="https://www.rajce.idnes.cz/farnost-kozlovice/album/pout-v-jeseniku-sbor-cantamus-13-srpna-2023" target="_blank">Pouť v Jeseníku &#8211; sbor Cantamus &#8211; 13. srpna 2023</a></li><li><a href="https://www.rajce.idnes.cz/farnost-kozlovice/album/mse-sv-k-zahajeni-sk-roku-2023-24">Mše sv. k zahájení šk. roku 2023-24</a></li><li><a rel="noreferrer noopener" href="https://www.rajce.idnes.cz/farnost-kozlovice/album/mse-za-urodu-ve-lhotce-3-zari-2023" target="_blank">Mše za úrodu ve Lhotce &#8211; 3. září 2023</a></li><li><a rel="noreferrer noopener" href="https://www.rajce.idnes.cz/farnost-kozlovice/album/podekovani-za-urodu-10-zari-2023" data-type="URL" data-id="https://www.rajce.idnes.cz/farnost-kozlovice/album/podekovani-za-urodu-10-zari-2023" target="_blank">Poděkování za úrodu &#8211; 10. září 2023</a></li><li><a rel="noreferrer noopener" href="https://www.rajce.idnes.cz/farnost-kozlovice/album/koncert-sboru-cantamus-na-mysliku-24-zari-2023" target="_blank">Koncert sboru Cantamus na Myslíku &#8211; 24. září 2023</a></li><li><a rel="noreferrer noopener" href="https://www.rajce.idnes.cz/farnost-kozlovice/album/oslava-50-narozenin-o-kazimira-21-rijna-2023" target="_blank">Oslava 50. narozenin o. Kazimíra &#8211; 21. října 2023</a></li><li><a rel="noreferrer noopener" href="https://www.rajce.idnes.cz/farnost-kozlovice/album/cervena-streda-29-listopadu-2023" target="_blank">Červená středa &#8211; 29. listopadu 2023</a></li><li><a rel="noreferrer noopener" href="https://www.rajce.idnes.cz/farnost-kozlovice/album/jpeg-zmenseno-pro-webadventni-koncert-cantamus" target="_blank">Adventní koncert pěveckého sboru Cantamus &#8211; 10. prosince 2023</a></li><li><a href="https://www.rajce.idnes.cz/farnost-kozlovice/album/otvirani-betlema-24-prosince-2023" data-type="URL" data-id="https://www.rajce.idnes.cz/farnost-kozlovice/album/otvirani-betlema-24-prosince-2023" target="_blank" rel="noreferrer noopener">Otvírání Betléma &#8211; 24. prosince 2023</a></li></ul>



<p></p>

<p>Farní ples &#8211; 28.leden 2023 Tříkrálový koncert &#8211; 8.ledna 2023 Vyslání koledníků tříkrálové sbírky &#8211; 1.leden<span class="more-dots">&#8230;</span></p>
