{"id":208,"date":"2015-06-17T20:00:09","date_gmt":"2015-06-17T19:00:09","guid":{"rendered":"http:\/\/farnostkozlovice.cz\/?page_id=208"},"modified":"2015-06-17T20:05:14","modified_gmt":"2015-06-17T19:05:14","slug":"rok-2013","status":"publish","type":"page","link":"http:\/\/farnostkozlovice.cz\/?page_id=208","title":{"rendered":"rok 2013"},"content":{"rendered":"<p><span style=\"font-size: small;\"><a href=\"http:\/\/farnost-kozlovice.rajce.idnes.cz\/Trikralova_sbirka_2013_v_Kozlovicich\/\"><span style=\"font-family: arial,helvetica,sans-serif;\"><span id=\"albumName\">T\u0159\u00edkr\u00e1lov\u00e1 sb\u00edrka 2013 v Kozlovic\u00edch<\/span><\/span><\/a><span style=\"font-family: arial,helvetica,sans-serif;\"><a href=\"http:\/\/www.rajce.net\/a9311675\"><br \/>\n<\/a><\/span><a href=\"http:\/\/www.rajce.net\/a9311675\"><span style=\"font-family: arial,helvetica,sans-serif;\"><span id=\"albumName\">Ministrantsk\u00e1 sch\u016fzka na bobech &#8211; leden 2013<\/span><\/span><\/a><br \/>\n<\/span><span style=\"font-size: medium;\"><span style=\"font-size: small;\"><span id=\"albumName\"><\/span><a href=\"http:\/\/www.rajce.net\/a9311712\"><span style=\"font-family: arial,helvetica,sans-serif;\"><span style=\"font-family: arial,helvetica,sans-serif;\"><span id=\"albumName\">D\u011btsk\u00e1 m\u0161e &#8211; 25. leden 2013<\/span><\/span><span style=\"font-family: arial,helvetica,sans-serif;\">\u00a0<\/span><\/span><\/a><br \/>\n<a href=\"http:\/\/www.rajce.net\/a9245391\"><span style=\"font-family: arial,helvetica,sans-serif;\"><span id=\"albumName\">9. farn\u00ed ples &#8211; 26.ledna 2013<\/span><\/span><\/a><br \/>\n<a href=\"http:\/\/www.rajce.net\/a9311668\"><span style=\"font-family: arial,helvetica,sans-serif;\"><span id=\"albumName\">Misijn\u00ed zab\u00edja\u010dka &#8211; 14. \u00fanora 2013<\/span><\/span><\/a><br \/>\n<a href=\"http:\/\/www.rajce.net\/a9311550\"><span style=\"font-family: arial,helvetica,sans-serif;\"><span id=\"albumName\">Z\u00e1jezd \u00fa\u010dastn\u00edk\u016f t\u0159\u00edkr\u00e1lov\u00e9 sb\u00edrky do vodn\u00edho sv\u011bta v polsk\u00e9 Wisle &#8211; 18. \u00fanora 2013<\/span><\/span><\/a><br \/>\n<a href=\"http:\/\/www.rajce.net\/a9311705\"><span style=\"font-family: arial,helvetica,sans-serif;\"><span id=\"albumName\">Duchovn\u00ed obnova chlap\u016f &#8211; 24. \u00fanora 2013<\/span><\/span><\/a><\/span><\/span><span style=\"font-size: medium;\"><span style=\"font-size: small;\"><span style=\"font-family: arial,helvetica,sans-serif;\"><br \/>\n<a href=\"http:\/\/www.rajce.net\/a9311698\">Hokej a bruslen\u00ed v Ro\u017enov\u011b pod Radho\u0161t\u011bm &#8211; 9. b\u0159ezna 2013<\/a><br \/>\n<a href=\"http:\/\/www.rajce.net\/a9311684\">K\u0159\u00ed\u017eov\u00e1 cesta nad ml\u00fdnem &#8211; 24. b\u0159ezna 2013<\/a><br \/>\n<a href=\"http:\/\/www.rajce.net\/a9311603\">V\u00edkend mal\u00e9 scholky v kulturn\u00edm dom\u011b Astra ve Fren\u0161t\u00e1t\u011b pod Radho\u0161t\u011bm &#8211; b\u0159ezen 2013<\/a><br \/>\n<a href=\"http:\/\/www.rajce.net\/a9311579\">Farn\u00ed pou\u0165 na Svatou horu, do Sepekova a \u010c\u00edho\u0161t\u011b &#8211; duben 2013<\/a><br \/>\n<a href=\"http:\/\/www.rajce.net\/a9311692\">Katecheze a zpov\u011b\u010f d\u011bt\u00ed p\u0159ed 1. sv. p\u0159ij\u00edm\u00e1n\u00edm &#8211; 3. kv\u011btna 2013<\/a><br \/>\n<a href=\"http:\/\/www.rajce.net\/a9311629\">Pou\u0165 rodin na Velehrad &#8211; 8. kv\u011bten 2013<\/a><br \/>\n<a href=\"http:\/\/www.rajce.net\/a9311649\">Noc kostel\u016f v Kozlovic\u00edch &#8211; 24. kv\u011btna 2013<\/a><br \/>\n<a href=\"http:\/\/www.rajce.net\/a9311723\">Prvn\u00ed svat\u00e9 p\u0159ij\u00edm\u00e1n\u00ed &#8211; 26. kv\u011btna 2013<\/a><br \/>\n<a href=\"http:\/\/www.rajce.net\/a9311641\">P\u011b\u0161\u00ed pou\u0165 na Host\u00fdn &#8211; \u010derven 2013<\/a><br \/>\n<a href=\"http:\/\/www.rajce.net\/a9311701\">Farn\u00ed t\u00e1bor ve Sp\u00e1lov\u011b &#8211; 16. \u010dervence 2013<\/a><br \/>\n<a href=\"http:\/\/www.rajce.net\/a9311716\">Dovolen\u00e1 ml\u00e1de\u017ee s o. Stanislavem v Alp\u00e1ch &#8211; Srpen 2013<\/a><br \/>\n<a href=\"http:\/\/www.rajce.net\/a9311637\">Pou\u0165 farnosti na Host\u00fdn &#8211; srpen 2013<\/a><br \/>\n<a href=\"http:\/\/www.rajce.net\/a9311541\">Zah\u00e1jen\u00ed \u0161koln\u00edho roku &#8211; z\u00e1\u0159\u00ed 2013<\/a><br \/>\n<a href=\"http:\/\/www.rajce.net\/a9311622\">Lhoteck\u00fd kostel po renovaci &#8211; z\u00e1\u0159\u00ed 2013<\/a><br \/>\n<a href=\"http:\/\/www.rajce.net\/a9311663\">M\u0161e za obec s pod\u011bkov\u00e1n\u00edm za \u00farodu &#8211; 12. z\u00e1\u0159\u00ed 2013<\/a><br \/>\n<a href=\"http:\/\/www.rajce.net\/a9311708\">Draki\u00e1da &#8211; 13. \u0159\u00edjna 2013<\/a><br \/>\n<a href=\"http:\/\/www.rajce.net\/a9311677\">Mikul\u00e1\u0161sk\u00e1 nad\u00edlka &#8211; 6. prosince 2013<\/a><br \/>\n<a href=\"http:\/\/www.rajce.net\/a9311535\">Ror\u00e1ty &#8211; prosinec 2013<\/a><br \/>\n<\/span><\/span><\/span><\/p>\n","protected":false},"excerpt":{"rendered":"<p>T\u0159\u00edkr\u00e1lov\u00e1 sb\u00edrka 2013 v Kozlovic\u00edch Ministrantsk\u00e1 sch\u016fzka na bobech &#8211; leden 2013 D\u011btsk\u00e1 m\u0161e &#8211; 25.<span class=\"more-dots\">&#8230;<\/span><\/p>\n","protected":false},"author":1,"featured_media":0,"parent":75,"menu_order":0,"comment_status":"closed","ping_status":"closed","template":"","meta":[],"_links":{"self":[{"href":"http:\/\/farnostkozlovice.cz\/index.php?rest_route=\/wp\/v2\/pages\/208"}],"collection":[{"href":"http:\/\/farnostkozlovice.cz\/index.php?rest_route=\/wp\/v2\/pages"}],"about":[{"href":"http:\/\/farnostkozlovice.cz\/index.php?rest_route=\/wp\/v2\/types\/page"}],"author":[{"embeddable":true,"href":"http:\/\/farnostkozlovice.cz\/index.php?rest_route=\/wp\/v2\/users\/1"}],"replies":[{"embeddable":true,"href":"http:\/\/farnostkozlovice.cz\/index.php?rest_route=%2Fwp%2Fv2%2Fcomments&post=208"}],"version-history":[{"count":1,"href":"http:\/\/farnostkozlovice.cz\/index.php?rest_route=\/wp\/v2\/pages\/208\/revisions"}],"predecessor-version":[{"id":209,"href":"http:\/\/farnostkozlovice.cz\/index.php?rest_route=\/wp\/v2\/pages\/208\/revisions\/209"}],"up":[{"embeddable":true,"href":"http:\/\/farnostkozlovice.cz\/index.php?rest_route=\/wp\/v2\/pages\/75"}],"wp:attachment":[{"href":"http:\/\/farnostkozlovice.cz\/index.php?rest_route=%2Fwp%2Fv2%2Fmedia&parent=208"}],"curies":[{"name":"wp","href":"https:\/\/api.w.org\/{rel}","templated":true}]}}