{"id":1395,"date":"2019-01-06T20:22:48","date_gmt":"2019-01-06T19:22:48","guid":{"rendered":"http:\/\/farnostkozlovice.cz\/?page_id=1395"},"modified":"2019-12-26T13:35:21","modified_gmt":"2019-12-26T12:35:21","slug":"rok-2019","status":"publish","type":"page","link":"http:\/\/farnostkozlovice.cz\/?page_id=1395","title":{"rendered":"rok 2019"},"content":{"rendered":"<p id=\"albumName\"><a href=\"http:\/\/farnost-kozlovice.rajce.net\/Otvirani_Betlema_-_24._prosince_2019\">Otv\u00edr\u00e1n\u00ed betl\u00e9ma &#8211; 24.prosince 2019<\/a><br \/>\n<a href=\"http:\/\/farnost-kozlovice.rajce.net\/Mikulasska_nadilka_-_6._prosince_2019\">Mikul\u00e1\u0161sk\u00e1 nad\u00edlka &#8211; 6.prosince2019<\/a><br \/>\n<a href=\"http:\/\/farnost-kozlovice.rajce.net\/Roraty_2019\">Ror\u00e1ty 2019<\/a><br \/>\n<a href=\"http:\/\/farnost-kozlovice.rajce.net\/Misijni_kolac_-_23._rijna_2019\">Misijn\u00ed kol\u00e1\u010d &#8211; 23.\u0159\u00edjna 2019<\/a><br \/>\n<a href=\"https:\/\/www.rajce.net\/a16315783\">Zah\u00e1jen\u00ed \u0161koln\u00edho roku &#8211; 2. z\u00e1\u0159\u00ed 2019<\/a><br \/>\n<a href=\"https:\/\/www.rajce.net\/a16306304\">Ministrantsk\u00e1 p\u0159esp\u00e1va\u010dka &#8211; 3. z\u00e1\u0159\u00ed 2019<\/a><br \/>\n<a href=\"http:\/\/farnost-kozlovice.rajce.net\/Farni_tabor_-_srpen_2019\">Farn\u00ed t\u00e1bor &#8211; srpen 2019<\/a><br \/>\n<a href=\"http:\/\/farnost-kozlovice.rajce.net\/Ukonceni_skolniho_roku_-_21._cervna_2019\">M\u0161e sv. k ukon\u010den\u00ed \u0161koln\u00edho roku &#8211; 21.\u010dervna 2019<\/a><br \/>\n<a href=\"http:\/\/farnost-kozlovice.rajce.net\/Farni_den_-_23.cervna_2019\">Farn\u00ed den &#8211; 23.\u010dervna 2019<\/a><br \/>\n<a href=\"http:\/\/farnost-kozlovice.rajce.net\/Slavnost_Tela_a_Krve_Pane_-_20.cervna_2019\">Slavnost T\u011bla a Krve P\u00e1n\u011b &#8211; 20.\u010dervna 2019<\/a><br \/>\n<a href=\"http:\/\/farnost-kozlovice.rajce.net\/Prvni_svate_prijimani_-_16.cervna_2019\">Prvn\u00ed svat\u00e9 p\u0159ij\u00edm\u00e1n\u00ed &#8211; 16.\u010dervna 2019<\/a><br \/>\n<a href=\"http:\/\/farnost-kozlovice.rajce.net\/Pesi_pout_na_Sv.Hostyn_-_7.cervna_2019\">P\u011b\u0161\u00ed pou\u0165 na Sv.Host\u00fdn &#8211; 7.\u010dervna 2019<\/a><br \/>\n<a href=\"http:\/\/farnost-kozlovice.rajce.net\/Udileni_svatosti_birmovani_-_2.cervna_2019\">Ud\u00edlen\u00ed sv\u00e1tosti bi\u0159mov\u00e1n\u00ed &#8211; 2.\u010dervna 2019<\/a><br \/>\n<a href=\"http:\/\/farnost-kozlovice.rajce.net\/Detska_mse_-_Batuzkovy_projekt_-_31.kvetna_2019\">D\u011btsk\u00e1 m\u0161e sv. &#8211; Bat\u016f\u017ekov\u00fd projekt do Malawi &#8211; 31.kv\u011btna 2019<\/a><br \/>\n<a href=\"http:\/\/farnost-kozlovice.rajce.net\/Farni_pout_do_Mariahilf_a_Jeseniku_-_8.kvetna_2019\">Farn\u00ed pou\u0165 do Mariahilf a Jesen\u00edku &#8211; 8.kv\u011btna 2019<\/a><br \/>\n<a href=\"http:\/\/farnost-kozlovice.rajce.net\/Majova_poboznost_u_P.M.Karmelske_a_posezeni_u_vcelaru_-_5.kvetna_2019\">M\u00e1jov\u00e1 pob.u P.M.Karmelsk\u00e9 a posezen\u00ed u v\u010dela\u0159 &#8211; 5.kv\u011btna 2019<\/a><br \/>\n<a href=\"https:\/\/farnost-kozlovice.rajce.idnes.cz\/Nedele_Zmrtvychvstani\">Ned\u011ble Zmrtv\u00fdchvst\u00e1n\u00ed &#8211; 2019<\/a><br \/>\n<a href=\"https:\/\/farnost-kozlovice.rajce.idnes.cz\/Bila_sobota\">B\u00edl\u00e1 sobota &#8211; 2019<\/a><br \/>\n<a href=\"https:\/\/farnost-kozlovice.rajce.idnes.cz\/Velky_patek\">Velk\u00fd p\u00e1tek &#8211; 2019<\/a><br \/>\n<a href=\"https:\/\/farnost-kozlovice.rajce.idnes.cz\/Zeleny_ctvrtek\">Zelen\u00fd \u010dtvrtek &#8211; 2019<\/a><br \/>\n<a href=\"https:\/\/farnost-kozlovice.rajce.idnes.cz\/Krizova_cesta_Nad_mlynem_-_14.dubna_2019\">K\u0159\u00ed\u017eov\u00e1 cesta Nad ml\u00fdnem &#8211; 14.dubna 2019<\/a><br \/>\n<a href=\"https:\/\/www.rajce.net\/a15997523\">Postn\u00ed setk\u00e1n\u00ed chlap\u016f &#8211; 24. b\u0159ezna 2019<\/a><br \/>\n<a href=\"https:\/\/farnost-kozlovice.rajce.idnes.cz\/Koncert_Oborohu_-_23._brezna_2019\">Koncert skupiny Oboroh &#8211; 23.b\u0159ezna 2019<\/a><br \/>\n<a href=\"https:\/\/farnost-kozlovice.rajce.idnes.cz\/Mse_sv._se_zamerenim_pro_deti_-_Svatba_v_Kani_galilejske_-_leden_2019\">M\u0161e sv. se zam\u011b\u0159. pro d\u011bti &#8211; Svatba v K\u00e1n\u011b Galilejsk\u00e9-leden 2019<\/a><br \/>\n<a class=\"albumName\" href=\"https:\/\/farnost-kozlovice.rajce.idnes.cz\/Farni_ples_-_26.ledna_2019\/\">Farn\u00ed ples &#8211; 26.ledna 2019<\/a><br \/>\n<a class=\"albumName\" href=\"https:\/\/farnost-kozlovice.rajce.idnes.cz\/Vyslap_ministrantu_na_Lysou_horu_-_26.ledna_2019\/\">V\u00fd\u0161lap ministrant\u016f na Lysou horu &#8211; 26.ledna 2019<\/a><br \/>\n<a class=\"albumName\" href=\"https:\/\/farnost-kozlovice.rajce.idnes.cz\/Detsky_karneval_-_12.ledna_2019\/\">D\u011btsk\u00fd karneval &#8211; 12.ledna 2019<\/a><br \/>\n<a class=\"albumName\" href=\"https:\/\/farnost-kozlovice.rajce.idnes.cz\/Trikralovy_koncert_s_posezenim_-_6._ledna2019\/\">T\u0159\u00edkr\u00e1lov\u00fd koncert s posezen\u00edm &#8211; 6. ledna2019<\/a><br \/>\n<a class=\"albumName\" href=\"https:\/\/farnost-kozlovice.rajce.idnes.cz\/Mse_sv._a_zehnani_kolednikum_trikr._sbirky_-_1.ledna_2019\/\">M\u0161e sv. a \u017eehn\u00e1n\u00ed koledn\u00edk\u016fm t\u0159\u00edkr. sb\u00edrky &#8211; 1.ledna 2019<\/a><\/p>\n","protected":false},"excerpt":{"rendered":"<p>Otv\u00edr\u00e1n\u00ed betl\u00e9ma &#8211; 24.prosince 2019 Mikul\u00e1\u0161sk\u00e1 nad\u00edlka &#8211; 6.prosince2019 Ror\u00e1ty 2019 Misijn\u00ed kol\u00e1\u010d &#8211; 23.\u0159\u00edjna 2019<span class=\"more-dots\">&#8230;<\/span><\/p>\n","protected":false},"author":1,"featured_media":0,"parent":0,"menu_order":0,"comment_status":"closed","ping_status":"closed","template":"","meta":[],"_links":{"self":[{"href":"http:\/\/farnostkozlovice.cz\/index.php?rest_route=\/wp\/v2\/pages\/1395"}],"collection":[{"href":"http:\/\/farnostkozlovice.cz\/index.php?rest_route=\/wp\/v2\/pages"}],"about":[{"href":"http:\/\/farnostkozlovice.cz\/index.php?rest_route=\/wp\/v2\/types\/page"}],"author":[{"embeddable":true,"href":"http:\/\/farnostkozlovice.cz\/index.php?rest_route=\/wp\/v2\/users\/1"}],"replies":[{"embeddable":true,"href":"http:\/\/farnostkozlovice.cz\/index.php?rest_route=%2Fwp%2Fv2%2Fcomments&post=1395"}],"version-history":[{"count":40,"href":"http:\/\/farnostkozlovice.cz\/index.php?rest_route=\/wp\/v2\/pages\/1395\/revisions"}],"predecessor-version":[{"id":1755,"href":"http:\/\/farnostkozlovice.cz\/index.php?rest_route=\/wp\/v2\/pages\/1395\/revisions\/1755"}],"wp:attachment":[{"href":"http:\/\/farnostkozlovice.cz\/index.php?rest_route=%2Fwp%2Fv2%2Fmedia&parent=1395"}],"curies":[{"name":"wp","href":"https:\/\/api.w.org\/{rel}","templated":true}]}}

<p id="albumName"><a href="http://farnost-kozlovice.rajce.net/Otvirani_Betlema_-_24._prosince_2019">Otvírání betléma &#8211; 24.prosince 2019</a><br />
<a href="http://farnost-kozlovice.rajce.net/Mikulasska_nadilka_-_6._prosince_2019">Mikulášská nadílka &#8211; 6.prosince2019</a><br />
<a href="http://farnost-kozlovice.rajce.net/Roraty_2019">Roráty 2019</a><br />
<a href="http://farnost-kozlovice.rajce.net/Misijni_kolac_-_23._rijna_2019">Misijní koláč &#8211; 23.října 2019</a><br />
<a href="https://www.rajce.net/a16315783">Zahájení školního roku &#8211; 2. září 2019</a><br />
<a href="https://www.rajce.net/a16306304">Ministrantská přespávačka &#8211; 3. září 2019</a><br />
<a href="http://farnost-kozlovice.rajce.net/Farni_tabor_-_srpen_2019">Farní tábor &#8211; srpen 2019</a><br />
<a href="http://farnost-kozlovice.rajce.net/Ukonceni_skolniho_roku_-_21._cervna_2019">Mše sv. k ukončení školního roku &#8211; 21.června 2019</a><br />
<a href="http://farnost-kozlovice.rajce.net/Farni_den_-_23.cervna_2019">Farní den &#8211; 23.června 2019</a><br />
<a href="http://farnost-kozlovice.rajce.net/Slavnost_Tela_a_Krve_Pane_-_20.cervna_2019">Slavnost Těla a Krve Páně &#8211; 20.června 2019</a><br />
<a href="http://farnost-kozlovice.rajce.net/Prvni_svate_prijimani_-_16.cervna_2019">První svaté přijímání &#8211; 16.června 2019</a><br />
<a href="http://farnost-kozlovice.rajce.net/Pesi_pout_na_Sv.Hostyn_-_7.cervna_2019">Pěší pouť na Sv.Hostýn &#8211; 7.června 2019</a><br />
<a href="http://farnost-kozlovice.rajce.net/Udileni_svatosti_birmovani_-_2.cervna_2019">Udílení svátosti biřmování &#8211; 2.června 2019</a><br />
<a href="http://farnost-kozlovice.rajce.net/Detska_mse_-_Batuzkovy_projekt_-_31.kvetna_2019">Dětská mše sv. &#8211; Batůžkový projekt do Malawi &#8211; 31.května 2019</a><br />
<a href="http://farnost-kozlovice.rajce.net/Farni_pout_do_Mariahilf_a_Jeseniku_-_8.kvetna_2019">Farní pouť do Mariahilf a Jeseníku &#8211; 8.května 2019</a><br />
<a href="http://farnost-kozlovice.rajce.net/Majova_poboznost_u_P.M.Karmelske_a_posezeni_u_vcelaru_-_5.kvetna_2019">Májová pob.u P.M.Karmelské a posezení u včelař &#8211; 5.května 2019</a><br />
<a href="https://farnost-kozlovice.rajce.idnes.cz/Nedele_Zmrtvychvstani">Neděle Zmrtvýchvstání &#8211; 2019</a><br />
<a href="https://farnost-kozlovice.rajce.idnes.cz/Bila_sobota">Bílá sobota &#8211; 2019</a><br />
<a href="https://farnost-kozlovice.rajce.idnes.cz/Velky_patek">Velký pátek &#8211; 2019</a><br />
<a href="https://farnost-kozlovice.rajce.idnes.cz/Zeleny_ctvrtek">Zelený čtvrtek &#8211; 2019</a><br />
<a href="https://farnost-kozlovice.rajce.idnes.cz/Krizova_cesta_Nad_mlynem_-_14.dubna_2019">Křížová cesta Nad mlýnem &#8211; 14.dubna 2019</a><br />
<a href="https://www.rajce.net/a15997523">Postní setkání chlapů &#8211; 24. března 2019</a><br />
<a href="https://farnost-kozlovice.rajce.idnes.cz/Koncert_Oborohu_-_23._brezna_2019">Koncert skupiny Oboroh &#8211; 23.března 2019</a><br />
<a href="https://farnost-kozlovice.rajce.idnes.cz/Mse_sv._se_zamerenim_pro_deti_-_Svatba_v_Kani_galilejske_-_leden_2019">Mše sv. se zaměř. pro děti &#8211; Svatba v Káně Galilejské-leden 2019</a><br />
<a class="albumName" href="https://farnost-kozlovice.rajce.idnes.cz/Farni_ples_-_26.ledna_2019/">Farní ples &#8211; 26.ledna 2019</a><br />
<a class="albumName" href="https://farnost-kozlovice.rajce.idnes.cz/Vyslap_ministrantu_na_Lysou_horu_-_26.ledna_2019/">Výšlap ministrantů na Lysou horu &#8211; 26.ledna 2019</a><br />
<a class="albumName" href="https://farnost-kozlovice.rajce.idnes.cz/Detsky_karneval_-_12.ledna_2019/">Dětský karneval &#8211; 12.ledna 2019</a><br />
<a class="albumName" href="https://farnost-kozlovice.rajce.idnes.cz/Trikralovy_koncert_s_posezenim_-_6._ledna2019/">Tříkrálový koncert s posezením &#8211; 6. ledna2019</a><br />
<a class="albumName" href="https://farnost-kozlovice.rajce.idnes.cz/Mse_sv._a_zehnani_kolednikum_trikr._sbirky_-_1.ledna_2019/">Mše sv. a žehnání koledníkům tříkr. sbírky &#8211; 1.ledna 2019</a></p>

<p>Otvírání betléma &#8211; 24.prosince 2019 Mikulášská nadílka &#8211; 6.prosince2019 Roráty 2019 Misijní koláč &#8211; 23.října 2019<span class="more-dots">&#8230;</span></p>
